 + -9. Is x a composite number?
False
Let x(h) = 6*h - 5. Let k be 40/(-6) - (-4)/6. Let d be 2/k + (-39)/(-9). Is x(d) a prime number?
True
Let f be 38/2 + 2/(-1). Suppose -4*s = -3*i - f, -2*s - 2*i = -4*s + 8. Suppose -4*m - 3*p + 42 = 0, 4*m = -s*p - 0*p + 46. Is m prime?
False
Suppose a + 3 = 7. Let k = -1 + a. Suppose -m + 3*g = -5, k*g - 8 - 15 = -m. Is m composite?
True
Let l(n) = 90*n**2 + 2*n - 1. Let i(t) = -2*t**3 - t**2 + t + 1. Let j be i(-1). Is l(j) prime?
False
Let a(t) = t**3 + 150. Let o be a(0). Suppose -s = 4*s + 5*g - 105, -5*s + 4*g = -o. Is s a prime number?
False
Let q be 0/(-6) + (5 - 1). Suppose 0 = -q*k - 11 + 727. Is k prime?
True
Suppose -p = 5*y - 5*p - 795, 4*y + p = 636. Is y composite?
True
Is 28701/21 - (24/28)/(-3) a prime number?
True
Let u be (-360)/42*14/2. Suppose -h - 2*h - 3 = 0. Let l = h - u. Is l composite?
False
Suppose -134 + 12 = -2*o. Suppose -3*x + o + 229 = -t, 3*t = -3*x + 270. Is x prime?
False
Let h = -123 + 43. Let l = h + 139. Is l a prime number?
True
Let d be 16/(-10)*10/(-4). Let q(l) = 6*l - 9. Let k be q(6). Suppose -k = -d*w + 13. Is w a prime number?
False
Let x(r) = 65*r - 6. Is x(5) composite?
True
Let m be 4/6*(-261)/3. Let l = 201 + m. Suppose l = 5*p - 32. Is p a composite number?
True
Suppose 5*a - 3*y + 2*y = 654, -4*a - 2*y + 526 = 0. Is a prime?
True
Suppose -5*a = 3*x - 9, 11 + 1 = 4*x - 4*a. Let m = 7 - x. Suppose -3*n - 3*j + 96 = 0, 0 = m*n - 4*j - 137 - 31. Is n prime?
True
Let r = 3 - -2. Suppose r*l - 2397 = -2*s, 2*s = -2*l + s + 959. Is l composite?
False
Let c = 12 - 9. Is (c - 3)/2 - -287 prime?
False
Let o be 4/14 + (-467)/(-7). Suppose 2*a = o + 39. Is a a prime number?
True
Let a(p) = 2*p**2 + 3*p + 4. Suppose -5 = -0*t + t. Let w = -10 - t. Is a(w) composite?
True
Suppose b = -3*r + 4*r + 2, b + 2 = 3*r. Let w(t) = 29*t. Is w(r) a composite number?
True
Let r(p) be the third derivative of p**2 + 0*p + 0*p**3 + 67/24*p**4 + 0. Is r(1) composite?
False
Suppose a + 4*v - 7 - 8 = 0, -8 = -4*v. Is 0 + 0 + 29*a composite?
True
Let f = -8 - -20. Suppose 4*c = f, 3*r - 27 = -3*c - 2*c. Suppose -650 - 570 = -r*s. Is s a prime number?
False
Suppose 4*j - 30 = -8*h + 3*h, 0 = 2*j. Suppose -k + 4*l + 81 = 0, 8 = -2*l + h*l. Is k a prime number?
True
Suppose s - 4*x = -8 - 1, 2*s - 5*x = -9. Let d = 3 - s. Suppose d = -0*w + 2*w - 78. Is w a prime number?
False
Is (-5480)/(-4) - (8 - 5) a composite number?
False
Let t(j) = 3*j + 3 + 2*j**2 - 5*j**2 - 1 + 2*j**2. Let r be t(3). Is (-69)/(-3) + -2 + r prime?
True
Suppose 10*y - 4*y - 10938 = 0. Is y composite?
False
Let c(w) = w**3 - 7*w**2 + 9*w - 10. Is c(7) prime?
True
Suppose 0 = u + 2*d - 29, -u + d + d + 45 = 0. Is u composite?
False
Let v(z) = z**3 + z**2 - z + 127. Is v(0) a composite number?
False
Let d = 15 - 10. Suppose 2*x = d*s - 158 - 67, -2*s = 4*x - 114. Is s a composite number?
False
Let f be (0 - 9)*(3 - 8). Suppose -4*j + 39 + f = 0. Is j composite?
True
Is 719*1*(1 + 8 + -8) a prime number?
True
Let m = 3 - 1. Suppose -u = 5*a + 16, 15 = 5*u + m*a + 3. Suppose 67 = u*x - 121. Is x a prime number?
True
Let v be (-1 + -11)/(1/(-3)). Let w = v - -11. Suppose k - 118 = -k + 4*p, -2*p + w = k. Is k a prime number?
True
Let t(y) = -20*y**3 + 2*y**2 + 4*y + 3. Let d(j) = -j + 3. Let k be d(5). Is t(k) a composite number?
False
Is 0 + (-171)/(-3) + 1 prime?
False
Let q(r) = -r**3 + 11*r**2 - 12*r - 3. Let d be (0 - 9)/(0 + -1). Is q(d) a prime number?
False
Let n(p) = -65*p + 9. Let m(d) = -32*d + 5. Let a(i) = -7*m(i) + 4*n(i). Let j be a(-3). Let c = j - 20. Is c a composite number?
False
Suppose -2*m - m + 6 = -l, -4*l + 9 = -m. Suppose -4 = m*s - 10. Suppose 5*v - 238 = 3*v - 3*t, 0 = 4*v + s*t - 476. Is v a prime number?
False
Suppose 146 = 6*z - 124. Suppose -4*w - 48 = 2*x, -2*x - 3*x - 120 = w. Let d = z + x. Is d a composite number?
True
Suppose -w - a + 233 = -3*a, -3*w + 721 = 5*a. Is w prime?
False
Let w be (-2)/((-6)/15 + 0). Let o(r) = -r**2 + 8*r - 5. Is o(w) a composite number?
True
Suppose 2*t + 0*t = -3*a + 5, a = 3*t + 9. Let k(w) = 86*w**3 - 2*w**2 + w - 1. Let q be k(2). Suppose a*d - q = 3*i, 3*d = 5*i - i + 685. Is d composite?
False
Let m(h) = -h**2 - h - 8. Suppose 0 = -4*o - 5*q, -2*o + 5*q = o. Let f be m(o). Let r(k) = 2*k**2 + 11*k - 3. Is r(f) prime?
True
Suppose -2522 = -6*g + 2*g + 2*u, 4*u = 2*g - 1258. Is g composite?
False
Let p be (6/(-4))/((-2)/148). Let v = p - 78. Is v composite?
True
Suppose 0 = -3*i - 5*v + 2950, 0 = i - 2*i + 3*v + 988. Is i a prime number?
False
Suppose 0 = -2*r + 3*m + 2, -2*r - 2*m = 2*m + 12. Is (-3 + 2)/(r/134) prime?
True
Let o(w) = 18*w - 7. Let l be o(5). Suppose l = 2*q + 3*a - 126, 4*q = 2*a + 378. Is q prime?
True
Let d be 18*(3/2 - -1). Let p(j) = j + 2 + 1 + d*j. Is p(4) prime?
False
Let m = 10 - 7. Let n(r) = -r**m + 6*r**2 - 2*r**2 + 109 - 3*r**2 + r. Is n(0) composite?
False
Let b(w) = -43*w - 8. Is b(-7) composite?
False
Let f(o) be the second derivative of -25*o**3/6 + 7*o**2/2 + o. Is f(-6) prime?
True
Let q be ((-102)/(-5))/(6/(-20)). Let d = q - -229. Is d prime?
False
Let f = 7 - 6. Is (8/(-16))/(f/(-994)) composite?
True
Suppose 4*w = 5*a - 0 - 16, -3*w = -3. Let q(o) = o**2 - 3*o + 2. Let k be q(a). Let n(h) = h**3 - 6*h**2 + 8*h - 2. Is n(k) a prime number?
False
Let y(c) = 27*c**3 - 3*c**2 - 4*c + 3. Let h(n) = n**3 - n**2 - n + 1. Let o(f) = 3*h(f) - y(f). Let a = 1 + -2. Is o(a) composite?
False
Let d = -572 - -1711. Is d a prime number?
False
Let p = -308 - -511. Is p a prime number?
False
Let r(x) = -x**2 - 22*x - 14. Is r(-18) a composite number?
True
Suppose 7*f = 4*f + 1227. Suppose 3*q - f = 20. Is q composite?
True
Suppose f - 4*f + 627 = 0. Is f prime?
False
Let k(t) be the third derivative of -t**5/30 + t**4/8 + 5*t**3/6 + t**2. Let g be k(4). Let l = 18 - g. Is l a composite number?
True
Suppose -3*w + 2*w + 4*c + 675 = 0, 4*w - 2600 = -4*c. Is w a prime number?
False
Let w(r) = -4*r + 4*r + 116*r**2 + 2. Let b(u) = 1. Let c(v) = -3*b(v) + w(v). Is c(-1) a composite number?
True
Suppose 24 = -8*v + 5*v. Let k(r) = 2*r + 1. Let h be k(1). Is (-550)/v - h/(-12) a composite number?
True
Suppose p - 6*z = -z + 1, -39 = 5*p - 3*z. Let o(b) = 3*b**2 - 3*b - 17. Is o(p) a composite number?
True
Is ((-467)/(-3))/(4/12) composite?
False
Suppose 5*r = -m + 437, 2*m - r = -0*m + 841. Is m prime?
False
Let c be (-18)/99 - (-46)/11. Suppose -5*r + c*r + 11 = k, -4*r = -k + 21. Is k a composite number?
False
Suppose -5*z - c = -413, 22 = -5*z - 2*c + 433. Is z composite?
False
Let n be 2/2 - (19 + 2). Let c be (-7095)/n - 2/(-8). Suppose 5*k = -0*k + c. Is k prime?
True
Suppose -7*t = -2*t. Suppose -26 = -h - t. Suppose 2*n - h - 24 = 0. Is n a prime number?
False
Let c(g) = 160*g - 3. Is c(2) a composite number?
False
Suppose 2*s = 1 + 3. Suppose -48 = s*t - 5*t. Suppose i - 35 = t. Is i composite?
True
Let w(b) = -b**2 + 2*b + 1. Let o be w(5). Let y be -200*1*(-7)/o. Let r = y - -177. Is r a composite number?
True
Suppose 2*j = 4*t - 1936, -t = -2*j + 46 - 527. Is t a prime number?
False
Is 499 - 4/(-8)*-4 prime?
False
Suppose -15 = -3*q - y + 5, -5*q + 5*y = -20. Suppose -x - 1 + 14 = -2*s, -2*x + q = s. Suppose 58 = 4*h - 2*m, h + 1 = -3*m + x. Is h a prime number?
True
Let l = -6 - -412. Is (-1)/(4/l)*-2 prime?
False
Is (-217)/(0 - (4 + -3)) a composite number?
True
Let j(v) = v**2 + v + 6. Let s be j(0). Suppose y = s*y. Suppose i + 0*i - 35 = y. Is i prime?
False
Let s(c) = -7*c + 7. Let t be s(-7). Let r be (-2)/(-5) + t/10. Suppose -r = -5*k + 2*k. Is k a prime number?
True
Suppose -5*u = 4*k, 3*u = 2*k - 4*k. Suppose 74 = -4*v + 2*t, -4*t + 4 + 0 = k. Let f = v + 67. Is f a composite number?
True
Let w be -21*3/(-9)*5. Let c = 21 - w. Let a = c + 27. Is a a composite number?
False
Let f be (20/8)/(2/4). Let k(n) = n**2 + 4*n + 4. Is k(f) composite?
True
Is 1/5*0 + 419 composite?
False
Suppose -5*v + 3664 - 729 = 0. Is v a prime number?
True
Suppose -4*s = o + 33 - 182, -2*s = -3*o + 433. Is o prime?
False
Suppose -15 = -u + 3*b, -2*u + 0*b + 51 = b. Let a = 111 - u. Is a prime?
False
Let g be 246/(-6)*(-5 - 1). Suppose 0 = -2*h + 5*i + 577, -3*h - 3*i = -630 - g. Is h composite?
True
Let d(j) = -j + 2 + 1 - 2. Let